d derivative of 7*u**5/30 + u**4/12 + 3*u**3/2 + 28*u**2. What is the units digit of z(-3)?
9
Let w(q) = -q - 6. Suppose -a = 3*a + 12. Let b be w(a). What is the tens digit of (0 - (6 + b)) + 22?
1
Suppose -5*b = 4*g + 202, 14*b - 10*b - 88 = 2*g. Let h = 56 + 35. Let m = g + h. What is the tens digit of m?
4
Suppose 0 = 3*n - 3, 4*n - 5022 = -4*c + 2*n. What is the hundreds digit of c?
2
Suppose -25*s + 40606 + 36219 = 0. What is the thousands digit of s?
3
Let d = -394 - -876. What is the tens digit of d?
8
What is the tens digit of -2 + 4 + 437 - (7 - 10)?
4
Let g = -153 + 214. Suppose i - 18 - g = 0. What is the units digit of i?
9
What is the units digit of (2/1 - 1160/(-25))*60?
4
Let y = -29 - 3. Let d = 47 + y. What is the units digit of d?
5
Let c = 50 + -47. Let d(x) = -x**3 - 8*x**2 - 3*x - 8. Let u be d(-7). What is the tens digit of (u/(-30))/(c/40)?
1
Suppose -4*w + 3 = -3*w. Suppose 2*o = w*o - 61. What is the tens digit of o?
6
Let l = 9 - 11. Let u(h) = 2*h + 7 + 5*h**2 - 1 - 8. What is the units digit of u(l)?
4
Let k(a) = -a**3 - 12*a**2 - 11*a - 16. Let j be k(-11). Let f = 23 - j. What is the tens digit of f?
3
Suppose 1452 = 4*o + 4*r, -4*o - r = -1781 + 335. What is the units digit of o?
1
Let c(a) be the third derivative of -a**5/60 + 17*a**4/24 - 10*a**2. What is the tens digit of c(8)?
7
Let q = 1614 - 971. What is the units digit of q?
3
Let f be 2*(-5 - (-206)/(-4)). Let o = 162 + f. What is the units digit of o?
9
Suppose 0 = -s - 5, -2*u = -3*s + 18 + 7. Let v = u - -29. What is the units digit of v?
9
Let t = 1981 + -1385. What is the units digit of t?
6
Let d = 920 + -650. What is the units digit of d?
0
Let g be 12/90 - 534/(-45). Suppose -a + 4*y - 6 = 0, -3*y + g = -0. What is the units digit of 36/(-7)*(-35)/a?
8
Suppose 0 = 13*v - 44*v + 9517. What is the tens digit of v?
0
Let m be (-1)/1*(-22)/1. Suppose 0 = 18*j - m*j. Suppose o - 37 = -j*o. What is the units digit of o?
7
Suppose -13*b + 14*b = -47. Let a = 80 + b. What is the tens digit of a?
3
What is the units digit of 12/(-2) - (-605 + -8)?
7
Let y = 2148 + -1287. What is the hundreds digit of y?
8
Let f = -961 - -627. Let m = 559 + f. What is the hundreds digit of m?
2
Let r(q) = -9 + 3*q**3 - 12*q**2 - 4*q**3 - 14*q + 4. Let d be r(-11). Suppose 2*u + 15 = c + 4*u, 0 = 2*c + 5*u - d. What is the units digit of c?
9
Let r = 37 + -32. Suppose 4*b = -r*f + 103 + 94, 4*b = -2*f + 182. Let n = 61 - b. What is the units digit of n?
8
Suppose -v - 146 = -1202. What is the tens digit of v?
5
Let v(n) = 42*n - 199. What is the units digit of v(21)?
3
Suppose -5*h = 2*x - 6*x - 30, 4*h - 5*x - 33 = 0. Let v = 4 - h. Suppose v*o = 5*r + 60, -4*r + 94 = 4*o - 54. What is the units digit of o?
5
Suppose 8 = -q + 3*q, 5*z - 3258 = -2*q. What is the tens digit of z?
5
Let k = 163 - 103. Suppose 0*l + 4*l - k = 0. Let m = l + 35. What is the units digit of m?
0
Suppose -2*s - 23 = -g - 141, -s - 3*g + 59 = 0. Suppose -i = -s - 18. What is the units digit of i?
7
Let o = -11 - -13. Suppose o = 2*p - p. Suppose p*a + 9 = 47. What is the tens digit of a?
1
What is the hundreds digit of 6/(72/1348)*6?
6
What is the tens digit of (-17 - -16) + 82*5?
0
Let q = 2 + 0. Let k be 35/(-2)*q - 0. Let n = -14 - k. What is the units digit of n?
1
Let y be (-4 - -1) + (-6 - -1). Let r = y + 18. Suppose 2*z - r = -3*z. What is the units digit of z?
2
Let v(c) = -c**3 - 9*c**2 + 9*c - 7. Let q be v(-10). Let w(g) = g**3 + 3*g**2 - g + 3. What is the units digit of w(q)?
4
Suppose -2*j = 5*u - 8, -2*u + 12 = 3*j - 7*u. Suppose -4*f - 84 = 3*d, 3*d - f - 27 = j*d. What is the units digit of ((-60)/16)/(9/d)?
0
Let a(m) = -2*m**3 - 18*m**2 - 30*m + 3. What is the hundreds digit of a(-11)?
8
Suppose -44*x + 48*x - 2*m - 1552 = 0, -3*x = 4*m - 1164. What is the hundreds digit of x?
3
Suppose -19*y + 17*y = -268. Let f = -101 - -165. Let k = y - f. What is the units digit of k?
0
Let l be 1/(4 - 5) + 4. Let p be 36/8*2/l. Suppose 4*t + 4*h - 2 = p*t, 5*h = -4*t + 8. What is the units digit of t?
2
Let i be ((-30)/(-25))/(6/15). Suppose -i*a - 20 - 10 = 0. What is the tens digit of (-238)/a + (-13)/(-65)?
2
Suppose 5 + 675 = 4*p. Suppose -4*l + 154 = -p. Suppose 2*f - l = 11. What is the tens digit of f?
4
Let v = -6 + 9. Suppose -x = v*x - 12. What is the tens digit of (-14)/((x/3)/(-1))?
1
Let p = -60 - -115. Suppose 3*o + 4*z = 22 + 29, 2*o = -5*z + 34. Suppose d + o = p. What is the tens digit of d?
3
What is the units digit of (0 - (-9)/(-15))/(1/(-1255))?
3
Let s(k) = -2 - 11824*k + 11819*k - 2. Suppose 3*n + 6*m + 13 = m, -5*n = 5*m + 25. What is the units digit of s(n)?
6
Let y = -19 - -26. Suppose -4*j = 2*a - 166, -a + 85 = y*j - 4*j. What is the units digit of a?
9
Suppose -1008 = -3*z - y - 2*y, z + 5*y = 344. What is the tens digit of z?
3
Suppose 13*n = 12*n + 5. Suppose 2*r + n*s = s + 64, r = 5*s + 60. What is the units digit of r?
0
Let k = 877 - 207. What is the tens digit of k?
7
Let b = 31 + -22. Suppose -15 = b*l - 492. Suppose 2*a = -4*s + 84, s + 4 = a - l. What is the units digit of a?
2
Suppose -3*u + 15 = -2*d, 2 - 17 = -4*u + d. Suppose 4*y + 4*o + 19 = u*y, -o = 4*y + 1. Suppose -y = -x + 17. What is the units digit of x?
8
Suppose 136 = -6*m + 604. Suppose -11*x = -m - 406. What is the tens digit of x?
4
Suppose -7293 = 15*r - 26*r. What is the tens digit of r?
6
Let y(x) = 47*x - 101. What is the hundreds digit of y(16)?
6
Suppose a - 10 = 6*a, -o - 4*a + 710 = 0. What is the tens digit of o?
1
Suppose 143 = -16*i + 5*i. Let m = 21 + 13. Let n = i + m. What is the units digit of n?
1
Let q(a) = 18*a**2 + 1. Let h be q(-1). Suppose 2*o = p - h, -2*p + 35 = o - 8. Let t = p + -11. What is the units digit of t?
0
Let o be (3206/(-42))/((-1)/(-3)). Let a = -153 - o. What is the tens digit of a?
7
Let j = 136 - 139. Suppose -2*l = -u - 4*l - 86, 2*l + 454 = -5*u. What is the tens digit of (u/(-6))/((-2)/j)?
2
Let y(r) = -11*r**2 + 2*r - 4. Let o(d) be the second derivative of -d**3/6 + d**2/2 - 2*d. Let x(u) = -6*o(u) - 2*y(u). What is the units digit of x(-1)?
2
Suppose x - s - 2 = 0, -4*x - 3*s + 9 = -6. Suppose -a - 5 + 6 = -2*w, -5*a + 4*w + 29 = 0. What is the tens digit of 29*x/a*3?
2
What is the units digit of 7 + -42*(-784)/24?
9
Let c(p) = 2*p**3 - 1. Let w be c(-1). Let t = -7 - -8. What is the units digit of -1 - t*6/w?
1
Suppose 8*d = 41*d - 40557. What is the units digit of d?
9
Let u = 16 - 14. What is the tens digit of u/8 + (-438)/(-8)?
5
Let s = 24 + 258. Suppose 2*v + s = 3*z - 141, -5*z + 700 = -5*v. What is the tens digit of z?
4
Let z be (-4)/(-16) - 57/(-12). Suppose -3*s = s - 12. Suppose 5*m = s*j - 29, 5*j - z*m + 14 = 59. What is the units digit of j?
8
Let v be 6/(-4)*(-68)/6. Let p = 19 - v. Suppose -p = -c + 31. What is the units digit of c?
3
Suppose -152 = -v + 155. Suppose -565 = -4*j + i - 173, 3*j = 4*i + v. What is the units digit of j?
7
Suppose -x = -4*m - 465 - 2748, -4*x + 5*m + 12852 = 0. What is the tens digit of x?
1
Suppose -3*h + 17 = -2*r, -2*h + 1 = -3*h - r. What is the hundreds digit of 278 - (5 + -4)/(1/h)?
2
Let l(b) = -b**3 - 5*b**2 - 46*b - 25. What is the tens digit of l(-15)?
1
Suppose 17 = 5*o - 33. Suppose -b - 4*f = -6*b - o, -b + f - 3 = 0. What is the units digit of (-30)/(0 - (b - 0))?
5
Let a = 60 + -41. What is the tens digit of a?
1
What is the thousands digit of 5/15*3*(0 - -1043)?
1
Let l be ((-16)/6)/((-2)/(-6)). Let y(j) = j**3 + 24*j**2 + 25*j + 11. Let w be y(-23). Let s = l - w. What is the tens digit of s?
2
Suppose -x = -2*x - 2. Let o(h) = -4*h - 5. Let u be o(x). Suppose -3*w + k = -k - 16, -u*w = 2*k - 20. What is the units digit of w?
6
Let i(b) = 2*b + 11. Let u(d) = -10*d**2 + 2*d + 2. Let o be u(-1). Let p(h) = -h**3 - 9*h**2 + 8*h - 9. Let z be p(o). What is the tens digit of i(z)?
3
What is the units digit of -24*((-65230)/40)/11?
8
Suppose -3*j - 5*w - 3 = 0, -62 + 17 = 5*j - 5*w. Let c be (99/j)/(21/(-28)). Suppose -98 = -2*h - 5*i, -4*h + c = -3*i - 226. What is the units digit of h?
9
Let u = 1323 + 505. What is the hundreds digit of u?
8
What is the units digit of (-14 + 32)*(-254)/(-3)?
4
Let j(y) = 132*y + 29. What is the hundreds digit of j(3)?
4
Let o(r) = r**3 + 15*r